2)*-1*(-8)/(-4). Is d(l) composite?
False
Let v(h) = 3*h - 3. Let f be v(4). Let d(l) = f*l + l - 8 - 3*l. Is d(6) composite?
True
Let n(x) = x**3 + 11*x**2 + x + 13. Let r = 11 + -5. Suppose -r = 3*k + 24. Is n(k) composite?
False
Let a be 2 + 27/3 - 4. Suppose 11*d - 892 = a*d. Is d prime?
True
Let o(m) = 3*m**2 + 14*m + 50. Is o(-5) a prime number?
False
Let k = -47 + 51. Suppose -5*z = -4*v + 1408, -k*z - 678 = -2*v - 8*z. Is v composite?
False
Suppose 4 = -2*k, 369 = v + 3*k + k. Suppose -5*o = -v - 168. Is o composite?
False
Suppose -33*m + 30111 + 14604 = 0. Is m composite?
True
Let i(u) = -167*u - 186. Is i(-25) prime?
True
Let w(q) = 0*q**2 + 15*q**2 + 0*q**2 - 8 - 22*q + q**3 - 7*q**2. Is w(-9) a prime number?
True
Let y = 1996 + -1050. Let i = y + -249. Is i a composite number?
True
Let n(h) = 90*h - 83. Is n(18) a prime number?
False
Let n be (6/7)/((-9)/(-42)). Suppose -3*v = 3*w - 534, -534 = -3*v - 8*w + n*w. Is v composite?
True
Suppose -15*n = -11*n - 2*a - 34006, -3*a - 25506 = -3*n. Is n prime?
True
Suppose 47*u - 33*u - 170926 = 0. Is u composite?
True
Let f(p) = -26*p + 32*p + 3*p**3 + 5*p**2 + 6 - 13*p**2. Is f(5) composite?
False
Suppose 2*f - c - 6274 = -0*f, 5*f - 4*c - 15685 = 0. Is f a prime number?
True
Let d be ((-2)/(-3))/((-12)/2934). Let o = 211 + 113. Let u = o + d. Is u prime?
False
Let i(c) = -c**2 + 13*c + 221. Is i(21) prime?
True
Suppose 21*z + 208044 = 33*z. Is z a composite number?
True
Suppose -3*d + 0*d + 9259 = 5*w, -w = 4*d - 12368. Is d composite?
True
Is (-79)/(30/(-26) + 16/104) composite?
False
Suppose 28 = 5*b - b + 3*y, -5*y + 30 = 5*b. Suppose b = -2*x, -w - x + 16151 = 3*w. Is w a prime number?
False
Let r be 40*1*54/8. Let j = r - 149. Is j a prime number?
False
Suppose 0 = l - 4*p - 3503, 7*l - 5*p = 8*l - 3521. Is l a composite number?
False
Suppose z - 5*o - 3289 = 6340, -3*z + 4*o + 28931 = 0. Is z composite?
False
Is (10729730/(-40))/(-23) + 1/4 a composite number?
True
Let d(z) = 1099*z. Let x be d(4). Suppose 16*v + x = 20*v. Is v composite?
True
Suppose -2*f - i = 2*f - 58, -4*i = 8. Let n(b) be the second derivative of b**4/12 - 4*b**3/3 + 8*b**2 - 2*b. Is n(f) a prime number?
False
Suppose -3*d = 3*y + 2*y - 10495, 0 = -4*d + 2*y + 14028. Is d composite?
True
Suppose -4*z + 16675 = -w, -4*z + 8457 = 5*w - 8248. Let i = -2209 + z. Is i prime?
False
Is (0 + 3 - (4 - 0))*-2579 a prime number?
True
Let y(i) = 25*i**2 - 37*i + 15. Is y(-43) prime?
False
Let f(c) = -c - 1. Let d(k) be the third derivative of 21*k**4/8 + 4*k**3/3 - 2*k**2. Let j(i) = d(i) + 5*f(i). Is j(7) a prime number?
True
Suppose -2*m = 2*q - 14, -4*q = q - 20. Suppose 2*y - 2*d = 460, -4*y = -0*y - m*d - 925. Is y a composite number?
True
Suppose t + 378 - 2821 = 3*u, 4*u = -8. Is t composite?
False
Suppose -29700 + 737 = -11*x. Is x prime?
True
Let j = -87 - -368. Suppose -2*a + 2*g + 865 - j = 0, -5*a = -g - 1464. Is a composite?
False
Suppose 155*c - 124*c = 510787. Is c prime?
True
Let k = 4133 + -1597. Let x = 3897 - k. Is x prime?
True
Suppose 163042 = 13*x + 9*x. Is x a composite number?
False
Suppose -j + 223 = 884. Let h = -142 - j. Is h prime?
False
Let r(z) = 163*z**3 - 5*z**2 + 6*z + 3. Is r(3) prime?
False
Let s(y) = -5*y - 19. Let u be s(-13). Let z = -21 + u. Is 6570/z - (-3)/15 prime?
True
Is 4547*(50/5 + -9) a composite number?
False
Let c(y) = y**2 - 16*y + 25. Let l be c(19). Suppose -52 = -2*b + l. Is b composite?
False
Let w be (2 + 0)/((-20)/50). Let x(n) = 88*n**2 + 3*n - 24. Is x(w) a composite number?
False
Let w be -3*(-5)/(15/(-6)). Let u be (-10)/(-3) + w/18. Suppose -2*i = -u*y - 50, 2*y + 25 = -2*i + 65. Is i composite?
True
Suppose 7*n + t = 8*n - 6448, t = 5*n - 32244. Is n a composite number?
False
Let z(a) = -a**3 - 4*a**2 - 2*a - 2. Let b be z(-5). Suppose 0 = -2*g + 4*v + 32, 0 = -0*g + g - v - 20. Suppose 0 = -3*u + g + b. Is u a composite number?
False
Let q be (611/(-2))/((-2)/(-8)). Let n = q + 1951. Suppose -4*f - 241 = -n. Is f prime?
False
Let k = 3 - -1. Let s(p) = p + 0*p + 1 + 0*p + k. Is s(6) a composite number?
False
Suppose -1 = y, y = -2*t - 2*y + 45. Suppose -2*h - 20 = -3*j, 2*j + h - 5*h - t = 0. Is (-753)/(-33) - j/(-22) a composite number?
False
Let v(b) = 279*b**2 - 11*b + 5. Let w(k) = 559*k**2 - 23*k + 10. Let y(t) = 13*v(t) - 6*w(t). Is y(2) prime?
True
Suppose 10*n - 6*n = 2*a - 4874, -5*n = -4*a + 9757. Is a composite?
True
Let m be (-102)/4*(-5 - 15). Suppose 0 = 2*d + 4*d - m. Is d prime?
False
Let j be 2/6 - 1/(6/83414). Is ((-5)/15)/(2/j) prime?
False
Suppose 0 = -18*f + 163992 + 2436. Suppose -4*s - 2*s + f = 0. Is s a prime number?
False
Let s be -1343*1*(4/(-1) + 3). Let i = 2430 - s. Is i composite?
False
Suppose -5*f - 4*r = 11, -3*f + 3*r + 11 = r. Let p be ((930/f)/5)/1. Suppose -6*v = -4*v - j - p, -2*v = -3*j - 194. Is v composite?
True
Is (2/3)/((30/1689291)/5) a composite number?
False
Let n(t) = t**2 - 8*t + 18. Let r be n(4). Suppose 2*i - 2*h = 2502, -3*h = -r*i + i + 1259. Is i composite?
True
Suppose -2*j = 5*s - 6*j - 710, -4*s + 572 = -4*j. Suppose 5*g - 6*g + 73 = 0. Let l = s - g. Is l a prime number?
False
Let r(j) = -30*j - 3. Suppose -5*m + 0*m + u = 4, -4*m + 12 = 3*u. Suppose d - 3 + 9 = m. Is r(d) a prime number?
False
Let b(a) = -177*a**3 - 3*a**2 - 3*a - 1. Let x(o) = -266*o**3 - 5*o**2 - 5*o - 1. Let k(j) = -8*b(j) + 5*x(j). Is k(2) prime?
False
Suppose 0*j = -j + 2*t - 77, -2*j + 3*t - 149 = 0. Let b = j - -170. Is b a composite number?
False
Let g(y) = -y**3 + 6*y**2 + 8*y - 5. Let l be g(7). Suppose h = -l*h. Suppose 2*i - 75 - 79 = h. Is i composite?
True
Let o(m) = -m**3 - m**2 + 3*m + 2. Let f be o(-2). Suppose -p = -5*j + 43 - 285, f = 5*p - j - 1282. Is p a composite number?
False
Let y(u) = -8*u**3 + u**2 - 2*u + 1. Let m be y(2). Let j = 0 + -20. Is 15/j + m/(-4) a composite number?
True
Suppose -71*o = -73*o + 6. Suppose t - 3*t - 3*w = -3943, o*w = -3*t + 5916. Is t a prime number?
True
Suppose -3*b = 2*r - 330, -2*r + 660 = 2*r - 4*b. Let t be 8/(-10) + 1134/30. Let k = r + t. Is k prime?
False
Suppose 0 = 2*b - 43 - 91. Let p(t) = -2*t**3 - t + 3. Let j be p(-3). Suppose -b - j = -k. Is k a composite number?
False
Is (-175)/(-150) + 91294/12 a composite number?
True
Let b = 247 - 405. Let i = 851 - b. Is i prime?
True
Let n(a) = -a**3 + 5*a**2 - a + 5. Let u be n(5). Suppose u = -r + 5 - 25. Is (132/15)/((-8)/r) a prime number?
False
Let x(k) = 20*k**3 - 3*k + 15. Let l be x(-5). Let d = l + 3683. Is d a composite number?
False
Suppose -2*k - u + 194295 = 0, -3*k + 194265 = -k - 5*u. Is k a prime number?
False
Let a = -7 - -12. Suppose a*l = 3*l - 36. Is 2935/45 - (-4)/l prime?
False
Let j = -1920 + 4253. Is j composite?
False
Suppose 4*r - 4125 = 911. Is r a prime number?
True
Is 11069 + (-247)/13 + 7 composite?
False
Let c = -14850 - -30021. Suppose 0 = -3*k - 954 + c. Is k prime?
False
Suppose -879 = -u + 3*q, -1253 + 4769 = 4*u + 5*q. Is u prime?
False
Suppose -21316 - 15575 = -3*k. Suppose 0 = -5*o - 2*i + k, -11*o + 15*o - 5*i - 9831 = 0. Is o composite?
False
Suppose 3*y + d - 3 = 19, -10 = -5*y + 5*d. Let k be y + (-4 - -1) - 1. Suppose 557 = k*f + 111. Is f prime?
True
Let r(g) = 216*g - 39. Is r(20) a composite number?
True
Suppose 0 = 12*c - 16*c + 10872. Let s = c + -1333. Is s a composite number?
True
Let o(v) = -3*v**3 + 4*v**2 + 2*v + 1. Let z be o(-3). Suppose -5*t - j + 569 = j, j = -t + z. Is t prime?
False
Let x(t) = -3*t**2 + 3*t + 3. Let d be x(-3). Is 1 + (-11)/(d/1602) a prime number?
False
Let l(b) = b**3 + 4*b**2 - 5*b + 11. Let j be l(-5). Suppose -j - 21 = 2*c. Is 336 - (c/4)/(-4) prime?
False
Suppose 0 = 18*n - 137482 - 46532. Is n a composite number?
False
Suppose 21*k - 56771 = 8*k. Is k a composite number?
True
Is (15 - 14836)/(-2*4/8) a prime number?
True
Let v be ((-40)/(-3))/(18/837). Suppose u = -0*j - 3*j + v, 3*u + 4*j - 1835 = 0. Suppose n + u = 6*n. Is n prime?
False
Suppose -4*c = 5*s - 119959 + 26596, -5*c = -10. Is s composite?
False
Let x(d) = d**3 - 8*d**2 + 15 - 8 - 7 + 8*d. Let z be x(7). Is (-2)/z - (-72)/7 a composite number?
True
Suppose t - 4*u = -12, -2*u + 6 = -0*t - t. Suppose -4*x + 184 = -m - t*m, 0 = -2*m. Is x composite?
True
Let s = 25 + -26. Let w